ided by 3343677?
5
Calculate the remainder when 2832480 is divided by 4532.
4512
What is the remainder when 98911 is divided by 9803?
881
What is the remainder when 1276321 is divided by 608?
129
Calculate the remainder when 10544863 is divided by 24353.
14
What is the remainder when 576506 is divided by 15549?
1193
What is the remainder when 203490 is divided by 3515?
3135
What is the remainder when 112402 is divided by 20926?
7772
Calculate the remainder when 10891369 is divided by 379.
46
What is the remainder when 44553 is divided by 6348?
117
What is the remainder when 371297 is divided by 14280?
17
What is the remainder when 27453837 is divided by 1460?
1457
What is the remainder when 10099745 is divided by 941?
933
What is the remainder when 350604 is divided by 239?
230
Calculate the remainder when 32870536 is divided by 196.
160
What is the remainder when 20144 is divided by 14415?
5729
What is the remainder when 2709 is divided by 769?
402
What is the remainder when 5170 is divided by 1566?
472
What is the remainder when 6603348 is divided by 28?
24
Calculate the remainder when 114274 is divided by 38083.
25
Calculate the remainder when 2973516 is divided by 615.
606
What is the remainder when 55464 is divided by 940?
4
What is the remainder when 18667154 is divided by 427?
422
What is the remainder when 1879804 is divided by 146?
54
Calculate the remainder when 306878 is divided by 61374.
8
What is the remainder when 2177540 is divided by 241940?
80
What is the remainder when 84350281 is divided by 37?
12
What is the remainder when 412105 is divided by 7392?
5545
What is the remainder when 4269385 is divided by 21672?
1
Calculate the remainder when 1317406 is divided by 1354.
1318
Calculate the remainder when 2468064 is divided by 7684.
1500
Calculate the remainder when 19428823 is divided by 380957.
16
What is the remainder when 5231 is divided by 2382?
467
Calculate the remainder when 47939658 is divided by 779.
777
What is the remainder when 202912 is divided by 2629?
479
What is the remainder when 105376 is divided by 52596?
184
What is the remainder when 31396454 is divided by 122?
120
What is the remainder when 44684 is divided by 1891?
1191
What is the remainder when 49022 is divided by 7474?
4178
What is the remainder when 454582 is divided by 1612?
1610
What is the remainder when 2333821 is divided by 1166898?
25
Calculate the remainder when 514803 is divided by 15127.
485
What is the remainder when 30150138 is divided by 69470?
158
What is the remainder when 213856 is divided by 14436?
11752
Calculate the remainder when 5730282 is divided by 64.
42
Calculate the remainder when 2349448 is divided by 283.
265
What is the remainder when 530399 is divided by 261063?
8273
Calculate the remainder when 375918 is divided by 381.
252
What is the remainder when 4430715 is divided by 2215355?
5
Calculate the remainder when 208048938 is divided by 2577.
2574
What is the remainder when 47597181 is divided by 2028?
21
What is the remainder when 2822609 is divided by 382?
11
Calculate the remainder when 2420076 is divided by 814.
54
Calculate the remainder when 14898055 is divided by 60.
55
Calculate the remainder when 1405561 is divided by 468426.
283
What is the remainder when 546689 is divided by 23757?
278
What is the remainder when 137962 is divided by 3063?
127
What is the remainder when 2664325 is divided by 1418?
1321
What is the remainder when 3921631 is divided by 573?
19
What is the remainder when 153474 is divided by 188?
66
Calculate the remainder when 9302419 is divided by 202224.
115
Calculate the remainder when 712152 is divided by 142428.
12
Calculate the remainder when 145303247 is divided by 2588.
2575
Calculate the remainder when 8671340 is divided by 447.
434
Calculate the remainder when 47677690 is divided by 64.
58
What is the remainder when 1171039 is divided by 390341?
16
Calculate the remainder when 706967 is divided by 2123.
8
Calculate the remainder when 2475612 is divided by 1237774.
64
Calculate the remainder when 877146 is divided by 877102.
44
What is the remainder when 1166564 is divided by 21603?
2
Calculate the remainder when 858623 is divided by 111.
38
What is the remainder when 12400 is divided by 117?
115
What is the remainder when 21988230 is divided by 9?
6
What is the remainder when 27520463 is divided by 2818?
2693
Calculate the remainder when 609544 is divided by 303918.
1708
Calculate the remainder when 615757 is divided by 1217.
1172
What is the remainder when 3488949 is divided by 1491?
9
What is the remainder when 30482349 is divided by 536?
29
What is the remainder when 2209441 is divided by 1104714?
13
Calculate the remainder when 54155 is divided by 8944.
491
What is the remainder when 9235089 is divided by 915?
909
What is the remainder when 1599905 is divided by 532104?
3593
Calculate the remainder when 13258 is divided by 2252.
1998
What is the remainder when 18482 is divided by 13575?
4907
Calculate the remainder when 1939268 is divided by 15.
8
Calculate the remainder when 106692 is divided by 2317.
110
What is the remainder when 244924711 is divided by 142?
129
Calculate the remainder when 82603470 is divided by 2657.
2654
What is the remainder when 7918867 is divided by 16128?
19
Calculate the remainder when 509251 is divided by 31.
14
Calculate the remainder when 3071247 is divided by 1023666.
249
What is the remainder when 193908 is divided by 2105?
248
Calculate the remainder when 604000 is divided by 86263.
159
Calculate the remainder when 642321 is divided by 996.
897
What is the remainder when 367114 is divided by 183534?
46
Calculate the remainder when 7064622 is divided by 64.
46
What is the remainder when 4057156 is divided by 29614?
38
What is the remainder when 180783 is divided by 1127?
463
What is the remainder when 262970470 is divided by 5058?
5050
What is the remainder when 27945414 is divided by 212?
210
Calculate the remainder when 9445425 is divided by 59.
56
Calculate the remainder when 3308200 is divided by 254450.
350
What is the remainder when 49921535 is divided by 2688?
2687
Calculate the remainder when 52939 is divided by 3694.
1223
Calculate the remainder when 85986255 is divided by 4525592.
7
Calculate the remainder when 57543734 is divided by 8525.
8509
Calculate the remainder when 63915 is divided by 58044.
5871
What is the remainder when 526215 is divided by 920?
895
Calculate the remainder when 10742 is divided by 10702.
40
Calculate the remainder when 448040 is divided by 404.
4
What is the remainder when 4381 is divided by 1239?
664
Calculate the remainder when 26983964 is divided by 808.
804
What is the remainder when 934911 is divided by 4065?
4026
Calculate the remainder when 412641 is divided by 136691.
2568
What is the remainder when 173371205 is divided by 240?
5
What is the remainder when 824625 is divided by 30541?
18
What is the remainder when 67452 is divided by 4451?
687
Calculate the remainder when 44822367 is divided by 608.
607
What is the remainder when 134086244 is divided by 951?
950
What is the remainder when 3513366 is divided by 152?
38
What is the remainder when 4212534 is divided by 99?
84
What is the remainder when 74760 is divided by 14912?
200
What is the remainder when 59422108 is divided by 2530?
2528
What is the remainder when 12548645 is divided by 15?
5
What is the remainder when 3562162 is divided by 6407?
6277
Calculate the remainder when 1778445 is divided by 16.
13
Calculate the remainder when 100741 is divided by 48749.
3243
What is the remainder when 10917 is divided by 58?
13
What is the remainder when 30374 is divided by 10022?
308
Calculate the remainder when 3476470 is divided by 3476100.
370
Calculate the remainder when 2176467 is divided by 821.
817
What is the remainder when 14949716 is divided by 3930?
3926
Calculate the remainder when 127915862 is divided by 523.
522
What is the remainder when 186196 is divided by 713?
103
What is the remainder when 497354 is divided by 352?
330
Calculate the remainder when 405019859 is divided by 140.
139
What is the remainder when 1896998 is divided by 131?
118
What is the remainder when 518565 is divided by 471?
465
What is the remainder when 9014997 is divided 